{"id":3304,"date":"2025-05-12T18:39:09","date_gmt":"2025-05-12T16:39:09","guid":{"rendered":"https:\/\/www.vengo.ch\/?page_id=3304"},"modified":"2025-06-10T13:18:00","modified_gmt":"2025-06-10T11:18:00","slug":"wordcamp-europe-2025","status":"publish","type":"page","link":"https:\/\/www.vengo.ch\/es\/wordcamp-europe-2025\/","title":{"rendered":"Campamento de palabras Europa 2025"},"content":{"rendered":"<div data-elementor-type=\"wp-page\" data-elementor-id=\"3304\" class=\"elementor elementor-3304\" data-elementor-post-type=\"page\">\n\t\t\t\t<div class=\"elementor-element elementor-element-f8d353b e-flex e-con-boxed e-con e-parent\" data-id=\"f8d353b\" data-element_type=\"container\" data-e-type=\"container\">\n\t\t\t\t\t<div class=\"e-con-inner\">\n\t\t\t\t<div class=\"elementor-element elementor-element-809bb0f elementor-widget elementor-widget-image\" data-id=\"809bb0f\" data-element_type=\"widget\" data-e-type=\"widget\" data-widget_type=\"image.default\">\n\t\t\t\t<div class=\"elementor-widget-container\">\n\t\t\t\t\t\t\t\t\t\t\t\t\t\t\t<img fetchpriority=\"high\" decoding=\"async\" width=\"1536\" height=\"384\" src=\"https:\/\/www.vengo.ch\/wp-content\/uploads\/2025\/05\/We-are-Sponsors-LinkedIn-Cover.png\" class=\"attachment-full size-full wp-image-3309\" alt=\"Evento de patrocinio innovador para WordCamp Europe Basel 2025 en colores vibrantes.\" srcset=\"https:\/\/www.vengo.ch\/wp-content\/uploads\/2025\/05\/We-are-Sponsors-LinkedIn-Cover.png 1536w, https:\/\/www.vengo.ch\/wp-content\/uploads\/2025\/05\/We-are-Sponsors-LinkedIn-Cover-400x100.png 400w, https:\/\/www.vengo.ch\/wp-content\/uploads\/2025\/05\/We-are-Sponsors-LinkedIn-Cover-768x192.png 768w\" sizes=\"(max-width: 1536px) 100vw, 1536px\" title=\"\">\t\t\t\t\t\t\t\t\t\t\t\t\t\t\t<\/div>\n\t\t\t\t<\/div>\n\t\t\t\t<div class=\"elementor-element elementor-element-f732589 elementor-widget elementor-widget-spacer\" data-id=\"f732589\" data-element_type=\"widget\" data-e-type=\"widget\" data-widget_type=\"spacer.default\">\n\t\t\t\t<div class=\"elementor-widget-container\">\n\t\t\t\t\t\t\t<div class=\"elementor-spacer\">\n\t\t\t<div class=\"elementor-spacer-inner\"><\/div>\n\t\t<\/div>\n\t\t\t\t\t\t<\/div>\n\t\t\t\t<\/div>\n\t\t\t\t<div class=\"elementor-element elementor-element-4aba200 elementor-widget elementor-widget-heading\" data-id=\"4aba200\" data-element_type=\"widget\" data-e-type=\"widget\" data-widget_type=\"heading.default\">\n\t\t\t\t<div class=\"elementor-widget-container\">\n\t\t\t\t\t<h2 class=\"elementor-heading-title elementor-size-default\">Rese\u00f1a de la WordCamp Europe 2025 en Basilea\n<\/h2>\t\t\t\t<\/div>\n\t\t\t\t<\/div>\n\t\t\t\t<div class=\"elementor-element elementor-element-0e4d681 elementor-widget elementor-widget-spacer\" data-id=\"0e4d681\" data-element_type=\"widget\" data-e-type=\"widget\" data-widget_type=\"spacer.default\">\n\t\t\t\t<div class=\"elementor-widget-container\">\n\t\t\t\t\t\t\t<div class=\"elementor-spacer\">\n\t\t\t<div class=\"elementor-spacer-inner\"><\/div>\n\t\t<\/div>\n\t\t\t\t\t\t<\/div>\n\t\t\t\t<\/div>\n\t\t\t\t<div class=\"elementor-element elementor-element-4fd3ffb elementor-widget elementor-widget-text-editor\" data-id=\"4fd3ffb\" data-element_type=\"widget\" data-e-type=\"widget\" data-widget_type=\"text-editor.default\">\n\t\t\t\t<div class=\"elementor-widget-container\">\n\t\t\t\t\t\t\t\t\t<p>WordCamp Europe 2025 en Basilea fue todo un \u00e9xito: tres d\u00edas llenos de interesantes presentaciones de expertos, talleres pr\u00e1cticos y encuentros inspiradores con la comunidad internacional de WordPress.<\/p><p>En vengo recordamos con gran alegr\u00eda nuestra participaci\u00f3n, tanto como patrocinadores como parte de la comunidad local. El intercambio personal con desarrolladores, agencias y empresas de toda Europa no solo fue enriquecedor, sino tambi\u00e9n pionero para futuras ideas y colaboraciones.<\/p><p>\u00a1Gracias por estos d\u00edas inolvidables!<\/p>\t\t\t\t\t\t\t\t<\/div>\n\t\t\t\t<\/div>\n\t\t\t\t<div class=\"elementor-element elementor-element-22d78a0 elementor-widget elementor-widget-image\" data-id=\"22d78a0\" data-element_type=\"widget\" data-e-type=\"widget\" data-widget_type=\"image.default\">\n\t\t\t\t<div class=\"elementor-widget-container\">\n\t\t\t\t\t\t\t\t\t\t\t\t\t\t\t<img decoding=\"async\" width=\"1536\" height=\"828\" src=\"https:\/\/www.vengo.ch\/wp-content\/uploads\/2025\/06\/WCEU_2025_vengo.jpg\" class=\"attachment-full size-full wp-image-3592\" alt=\"Procedimiento en el Congreso WordPress, presentaci\u00f3n en el escenario, conferencia t\u00e9cnica, evento en Basilea, digitalizaci\u00f3n.\" srcset=\"https:\/\/www.vengo.ch\/wp-content\/uploads\/2025\/06\/WCEU_2025_vengo.jpg 1536w, https:\/\/www.vengo.ch\/wp-content\/uploads\/2025\/06\/WCEU_2025_vengo-400x216.jpg 400w, https:\/\/www.vengo.ch\/wp-content\/uploads\/2025\/06\/WCEU_2025_vengo-768x414.jpg 768w\" sizes=\"(max-width: 1536px) 100vw, 1536px\" title=\"\">\t\t\t\t\t\t\t\t\t\t\t\t\t\t\t<\/div>\n\t\t\t\t<\/div>\n\t\t\t\t\t<\/div>\n\t\t\t\t<\/div>\n\t\t\t\t<\/div>","protected":false},"excerpt":{"rendered":"<p>R\u00fcckblick auf das WordCamp Europe 2025 in Basel Das WordCamp Europe 2025 in Basel war ein voller Erfolg \u2013 drei Tage voller spannender Fachvortr\u00e4ge, praxisnaher Workshops und inspirierender Begegnungen mit der internationalen WordPress-Community. Wir von vengo blicken mit grosser Freude auf unsere Teilnahme zur\u00fcck \u2013 als Sponsor und als Teil der Community vor Ort. Der [&hellip;]<\/p>\n","protected":false},"author":2,"featured_media":0,"parent":0,"menu_order":0,"comment_status":"closed","ping_status":"closed","template":"","meta":{"footnotes":""},"class_list":["post-3304","page","type-page","status-publish","hentry"],"_links":{"self":[{"href":"https:\/\/www.vengo.ch\/es\/wp-json\/wp\/v2\/pages\/3304","targetHints":{"allow":["GET"]}}],"collection":[{"href":"https:\/\/www.vengo.ch\/es\/wp-json\/wp\/v2\/pages"}],"about":[{"href":"https:\/\/www.vengo.ch\/es\/wp-json\/wp\/v2\/types\/page"}],"author":[{"embeddable":true,"href":"https:\/\/www.vengo.ch\/es\/wp-json\/wp\/v2\/users\/2"}],"replies":[{"embeddable":true,"href":"https:\/\/www.vengo.ch\/es\/wp-json\/wp\/v2\/comments?post=3304"}],"version-history":[{"count":0,"href":"https:\/\/www.vengo.ch\/es\/wp-json\/wp\/v2\/pages\/3304\/revisions"}],"wp:attachment":[{"href":"https:\/\/www.vengo.ch\/es\/wp-json\/wp\/v2\/media?parent=3304"}],"curies":[{"name":"gracias","href":"https:\/\/api.w.org\/{rel}","templated":true}]}}

<div data-elementor-type="wp-page" data-elementor-id="3304" class="elementor elementor-3304" data-elementor-post-type="page">
				<div class="elementor-element elementor-element-f8d353b e-flex e-con-boxed e-con e-parent" data-id="f8d353b" data-element_type="container" data-e-type="container">
					<div class="e-con-inner">
				<div class="elementor-element elementor-element-809bb0f elementor-widget elementor-widget-image" data-id="809bb0f" data-element_type="widget" data-e-type="widget" data-widget_type="image.default">
				<div class="elementor-widget-container">
															<img fetchpriority="high" decoding="async" width="1536" height="384" src="https://www.vengo.ch/wp-content/uploads/2025/05/We-are-Sponsors-LinkedIn-Cover.png" class="attachment-full size-full wp-image-3309" alt="Evento de patrocinio innovador para WordCamp Europe Basel 2025 en colores vibrantes." srcset="https://www.vengo.ch/wp-content/uploads/2025/05/We-are-Sponsors-LinkedIn-Cover.png 1536w, https://www.vengo.ch/wp-content/uploads/2025/05/We-are-Sponsors-LinkedIn-Cover-400x100.png 400w, https://www.vengo.ch/wp-content/uploads/2025/05/We-are-Sponsors-LinkedIn-Cover-768x192.png 768w" sizes="(max-width: 1536px) 100vw, 1536px" title="">															</div>
				</div>
				<div class="elementor-element elementor-element-f732589 elementor-widget elementor-widget-spacer" data-id="f732589" data-element_type="widget" data-e-type="widget" data-widget_type="spacer.default">
				<div class="elementor-widget-container">
							<div class="elementor-spacer">
			<div class="elementor-spacer-inner"></div>
		</div>
						</div>
				</div>
				<div class="elementor-element elementor-element-4aba200 elementor-widget elementor-widget-heading" data-id="4aba200" data-element_type="widget" data-e-type="widget" data-widget_type="heading.default">
				<div class="elementor-widget-container">
					<h2 class="elementor-heading-title elementor-size-default">Reseña de la WordCamp Europe 2025 en Basilea
</h2>				</div>
				</div>
				<div class="elementor-element elementor-element-0e4d681 elementor-widget elementor-widget-spacer" data-id="0e4d681" data-element_type="widget" data-e-type="widget" data-widget_type="spacer.default">
				<div class="elementor-widget-container">
							<div class="elementor-spacer">
			<div class="elementor-spacer-inner"></div>
		</div>
						</div>
				</div>
				<div class="elementor-element elementor-element-4fd3ffb elementor-widget elementor-widget-text-editor" data-id="4fd3ffb" data-element_type="widget" data-e-type="widget" data-widget_type="text-editor.default">
				<div class="elementor-widget-container">
									<p>WordCamp Europe 2025 en Basilea fue todo un éxito: tres días llenos de interesantes presentaciones de expertos, talleres prácticos y encuentros inspiradores con la comunidad internacional de WordPress.</p><p>En vengo recordamos con gran alegría nuestra participación, tanto como patrocinadores como parte de la comunidad local. El intercambio personal con desarrolladores, agencias y empresas de toda Europa no solo fue enriquecedor, sino también pionero para futuras ideas y colaboraciones.</p><p>¡Gracias por estos días inolvidables!</p>								</div>
				</div>
				<div class="elementor-element elementor-element-22d78a0 elementor-widget elementor-widget-image" data-id="22d78a0" data-element_type="widget" data-e-type="widget" data-widget_type="image.default">
				<div class="elementor-widget-container">
															<img decoding="async" width="1536" height="828" src="https://www.vengo.ch/wp-content/uploads/2025/06/WCEU_2025_vengo.jpg" class="attachment-full size-full wp-image-3592" alt="Procedimiento en el Congreso WordPress, presentación en el escenario, conferencia técnica, evento en Basilea, digitalización." srcset="https://www.vengo.ch/wp-content/uploads/2025/06/WCEU_2025_vengo.jpg 1536w, https://www.vengo.ch/wp-content/uploads/2025/06/WCEU_2025_vengo-400x216.jpg 400w, https://www.vengo.ch/wp-content/uploads/2025/06/WCEU_2025_vengo-768x414.jpg 768w" sizes="(max-width: 1536px) 100vw, 1536px" title="">															</div>
				</div>
					</div>
				</div>
				</div>

<p>Rückblick auf das WordCamp Europe 2025 in Basel Das WordCamp Europe 2025 in Basel war ein voller Erfolg – drei Tage voller spannender Fachvorträge, praxisnaher Workshops und inspirierender Begegnungen mit der internationalen WordPress-Community. Wir von vengo blicken mit grosser Freude auf unsere Teilnahme zurück – als Sponsor und als Teil der Community vor Ort. Der [&hellip;]</p>
